the tens digit of c(-5)?
9
Let o(b) = 12*b**2 - 3*b - 1. Suppose -4 = -4*g + 8. Suppose 3*u + 11 = -u - 3*h, -3*u = -g*h + 3. What is the units digit of o(u)?
3
Let n = 6 + -8. Let i(p) = -7*p**3 - 18*p**2 + 20*p**2 + 6*p**3 - 1. What is the units digit of i(n)?
5
Let w = -34 + 54. Suppose 4*v = -w, -2*g - 2*v + 100 = 2*v. What is the tens digit of g?
6
Let l = -339 - -511. What is the tens digit of l?
7
Suppose -3*z - 4*r + 12 = 0, -5*z = 4*r - 3 - 25. Suppose -2*y = -6*y + z. Suppose -2*a + 76 = y*j, -2*j = -7*j + 3*a + 174. What is the units digit of j?
6
Suppose 5*q = 2*q - 3. Let z be (-2 - 10)/(-3) - q. Suppose 342 = z*i + i. What is the tens digit of i?
5
Let g(h) = -52*h**3 + 4*h**2 + 6*h - 6. What is the units digit of g(-4)?
2
Let l be 2*1/(-2) + -13. Let w = l - -22. Suppose -4*j + 44 = w. What is the units digit of j?
9
Let v(d) = 151*d**2 + 18*d + 32. What is the thousands digit of v(-4)?
2
Let o(s) = 2*s**2 + 24*s + 31. What is the units digit of o(-20)?
1
Let n = 148 - 152. What is the units digit of (-2)/n*(-8 + 0) + 59?
5
What is the units digit of 318/4*(76/12 - 5)?
6
Let y = 52 + 156. Suppose -5*x - 2*n = -4*n - 207, -5*x + 3*n = -y. What is the units digit of x?
1
Let n be (5/3)/(14/42). Suppose 0 = -n*g + 361 + 19. What is the tens digit of g?
7
Let u = -22 - -24. Suppose -4*a = -2*s - 210, 2*a = -0*a - u*s + 120. What is the units digit of a?
5
Let f be 0*((-15)/(-10) + -1). Suppose -2*v - 4*x + 189 = 3*v, f = v - x - 36. What is the units digit of v?
7
Let c be (-4)/(-7) - 2690/(-70). Suppose 4*a = c + 5. What is the tens digit of a?
1
Let j = 2316 + -1332. Suppose -r + 243 = m, m - r + j = 5*m. What is the hundreds digit of m?
2
Let v(i) = -i**3 + 7*i**2 - 9*i + 4. Let z be v(3). Let p = 13 + z. What is the units digit of p?
6
Suppose -5*d + 4*y = -8386, -5*y = 4*d - 0*d - 6676. What is the thousands digit of d?
1
Let m be (-2)/(-3) + (100/12 - 5). Suppose -2*g + 44 = -m*r, 3*g = 7*g + 3*r - 33. What is the units digit of g?
2
Let x be 15 - -4*(-4 + 5). Suppose 3*b = 12, 107 = 2*d + 3*b - x. What is the tens digit of d?
5
Let g be (144/(-60))/(2/(-40)). Let w = g - 80. What is the units digit of (w/4)/(2/(-7))?
8
Suppose p - 261 = -2*a, -1016 = -4*p - 0*p - a. What is the units digit of p?
3
Suppose -3 + 30 = 27*h. Suppose 4*a - 136 = 2*a. Suppose -x + a = h. What is the units digit of x?
7
What is the units digit of (8/12)/((-7)/(126/(-4)))?
3
Let r(v) = v**3 - 9*v**2 + 10*v - 12. Let o be r(8). Let f = 11 - 7. Suppose -24 = -3*d - o*q, 2*q + 32 = f*d - 0*q. What is the units digit of d?
8
Suppose 0 = 3*q + 2*q + 100. Let n be (-7)/(42/24)*(-3 - -2). Let b = n - q. What is the units digit of b?
4
Suppose -k - 2366 = -15*k. Let q = k - -45. What is the hundreds digit of q?
2
Suppose 68*o = 69*o - 3, -2375 = -4*f + 3*o. What is the tens digit of f?
9
Suppose b - 4*u + 9 = -0*b, 2*u + 3 = 3*b. Suppose 2*j - 107 = x - 36, b*j + 5*x - 87 = 0. What is the units digit of j?
4
Let m = 3365 + -1753. What is the tens digit of m?
1
Let d be (4212/(-65))/(2/(-10)). Suppose -6*v + 30 = -d. What is the units digit of v?
9
Let i be (-3)/1*(-4)/4. Let b(g) = g**2 - 10*g + 28. Let x be b(11). Suppose -h + 5*o - 32 = -95, -i*o = h - x. What is the units digit of h?
8
Suppose -15*t - 3146 + 656 = 0. Let u = t - -337. What is the tens digit of u?
7
Let o = -98 - -101. Suppose -3*k + 11 = -c, 5*k = o*c - 1 + 18. What is the units digit of c?
1
Let a(n) = n**2 - 6*n + 9 + 2*n**2 + 2*n - 5. Let i be a(3). Let c = i - 8. What is the tens digit of c?
1
Let y = -1661 + 4712. What is the thousands digit of y?
3
Suppose 3*k - 3 = -4*q, -5*q + 5 = 5*k - 0. Suppose q*v + s + 100 = 2*v, -4*v + 224 = 4*s. What is the units digit of v?
2
Suppose 0 = -0*j - j + 4. Suppose j*n = 1 + 23. Suppose -l = 5*d - 382, -n*l = 5*d - 4*l - 384. What is the tens digit of d?
7
Suppose 0 = -3*r - 4*o - 0*o + 96, -5*o + 155 = 5*r. Let n = -29 + r. What is the tens digit of (-46)/(-4)*(-4)/n?
4
Let t(a) = -a - 3. Let j be t(-1). Let w be (-50416)/56 - j/7. What is the units digit of (w/(-80))/(2/8)?
5
Let j(t) = 3*t**2 - 7*t - 1. Let m(w) = 13*w**2 - 29*w - 4. Let g(c) = -9*j(c) + 2*m(c). Let y be g(5). Suppose 5*n = 4 + y. What is the units digit of n?
1
Let n(i) = 209*i - 130. What is the units digit of n(18)?
2
What is the tens digit of (1 - 0)*80/12*9?
6
Let p be (-85)/10*2/(-1). Suppose -2*x = -x + 5*l + 15, 0 = x - 3*l - p. Suppose 3*k = x*y - 206, -90 - 100 = -5*y - 5*k. What is the tens digit of y?
4
Suppose -5*t - 5831 = -5*w + 1589, 5*w - 3*t - 7420 = 0. What is the thousands digit of w?
1
Let b = 24 + 289. What is the tens digit of b?
1
Suppose 26*s + 15096 = 43*s. What is the tens digit of s?
8
Suppose 4*a + 5*m - 8855 = -a, 5*m + 7102 = 4*a. What is the units digit of a?
3
Let a = 353 + 1125. What is the units digit of a?
8
Let o = -1 + 1663. What is the hundreds digit of o?
6
Let b = -9 + 9. Suppose b = -4*i - 2 + 58. What is the units digit of (-11 + i)*(0 - -19)?
7
Let m(r) = r**2 - 6*r - 11. Let y = 25 - 17. Let z be m(y). Suppose 0 = -z*d + 483 - 123. What is the tens digit of d?
7
Suppose 2*k - 3*k - 93 = -3*o, -o = -4*k - 42. Suppose -o = -3*y - 2*d - 3*d, 2*d + 6 = 0. What is the tens digit of 5*(2 - (-18)/y)?
1
Let l be 4/(-18) + (-261)/(-81). Suppose 3*y - l*j - 186 = 243, -5*y + 4*j + 712 = 0. What is the hundreds digit of y?
1
Let l = -20 - -53. Let f = -13 + l. What is the units digit of f?
0
Let m = -12 + -45. What is the units digit of (-70)/42*(0 + m)?
5
Let x(s) be the first derivative of 5*s**2 - 3*s + 11. Let y be x(-5). Let o = 1 - y. What is the tens digit of o?
5
Let t be -3*2/(-12)*2. Suppose 2*q + t = -j, -3*j - q - 1 + 8 = 0. Suppose j*d - 6 + 3 = 0. What is the units digit of d?
1
Let g = 257 - 174. Suppose g = 5*c - 62. What is the tens digit of c - 4/(3 + 1)?
2
Let y be 4/((-16)/(-50))*10. Suppose -4*z = j - 145, 3*j + 50 - y = -2*z. What is the units digit of z?
6
Let u = 1953 - 1259. What is the tens digit of u?
9
Suppose 2*w - 282 = -w. Let i = w + -47. What is the units digit of i?
7
Let y(n) be the first derivative of n**4/4 - n**3/3 + n**2/2 + 13*n - 1. Suppose 2*z - 9 = -g - 2*g, 4*z = g - 3. What is the tens digit of y(z)?
1
What is the hundreds digit of (-1779)/(-2) + (-238)/68?
8
Suppose 2*o = 10 - 4. Suppose -2*z + o*z = 38. Suppose -q + z = q + 4*p, -5*p - 125 = -5*q. What is the units digit of q?
3
Suppose 6*d + 5248 = 22*d. What is the units digit of d?
8
Let l(t) = t**3 - 2*t**2 + 13*t + 20. What is the tens digit of l(6)?
4
Let c(m) be the second derivative of -1/2*m**2 + 1/3*m**3 + 0 - 4*m. What is the units digit of c(2)?
3
Let u be 4/((-24)/9)*(-6)/3. What is the hundreds digit of u + 80/(-25) + 1092/10?
1
Let i(l) be the first derivative of l**4/4 - 17*l**3/3 + 23*l**2/2 + 9*l + 31. What is the units digit of i(16)?
1
Let r(b) = -141*b - 4. What is the units digit of r(-5)?
1
Let u = 244 + -84. Suppose -3*i + 5*i + 350 = 4*q, 2*q + 2*i = u. What is the units digit of q?
5
Let q(k) = 30*k**2 - 27*k**2 - 2*k + 3*k - 7. What is the tens digit of q(-3)?
1
Let g = 3134 - 1348. What is the units digit of g?
6
Let f(i) = -i**2 - 8*i + 6. Let k = 7 + -4. Let o = k + -11. What is the units digit of f(o)?
6
Suppose 0 = 5*a - 2*p + 5, -4*a - a = -p. Let z(d) = 5*d**2. Let j be z(a). Suppose -j*o = -9*o + 104. What is the tens digit of o?
2
Suppose 73 = 11*s + 18. Suppose -s*h = h - 1656. What is the tens digit of h?
7
Suppose 2*p - 2 = 0, 0 = 6*a - a - p - 17334. What is the hundreds digit of a?
4
Let j be ((-10)/20)/((-1)/(-872)) + 4. Let x = j + 620. What is the tens digit of x?
8
Let z be 6*28/(-18)*-3. Suppose -13*h = -18*h + 75. Let q = z - h. What is the tens digit of q?
1
Let z(f) = -25*f**3 - 7*f**2 + 9*f + 15. Let m(n) = 13*n**3 + 3*n**2 - 4*n - 7. Let h(o) = 13*m(o) + 6*z(o). What is the hundreds digit of h(2)?
1
What is the units digit of 606 - (4 + -9 - 1)?
2
Suppose u - 3*r = 5*u - 155, -4*u + 5*r + 147 = 0. Suppose 0 = -5*a - 3*h - 42 + 122, a + 5*h - u = 0. What is the tens digit of a?
1
What is the units digit of (-13840)/(-15)*108/24?
2
Let l = 18 + 277. What is the hundreds digit of l?
2
Let a(s) = s + 3. Let i be a(-9). Let p be 16/i*(-12)/8. What is the units digit of ((-25)/(-20))/(1/p)?
5
Let 